lse
Is 43573365695 a composite number?
True
Is 3182432222 prime?
False
Is 20102540849 a composite number?
False
Is 21324873937 prime?
False
Is 1579514333 composite?
False
Is 2620128751 a composite number?
True
Is 328610251 composite?
False
Is 5498045959 a composite number?
True
Is 8252859535 a prime number?
False
Is 2417038007 composite?
True
Is 17107183 prime?
False
Is 6526349213 a prime number?
False
Is 465793411 a prime number?
True
Is 2009986887 a composite number?
True
Is 1156822489 prime?
False
Is 10990429391 prime?
False
Is 22149791905 a prime number?
False
Is 161351819113 a prime number?
True
Is 50766279593 a prime number?
True
Is 21385057 prime?
True
Is 8441517311 prime?
False
Is 3686366371 composite?
False
Is 1649596793 prime?
False
Is 112065309311 a composite number?
False
Is 942540617 composite?
True
Is 94492133291 composite?
True
Is 1265205713 composite?
True
Is 35327905 composite?
True
Is 4487012669 prime?
True
Is 6185091701 a prime number?
True
Is 12308617811 prime?
False
Is 5570015119 prime?
True
Is 97348133 a composite number?
True
Is 1538558603 a prime number?
True
Is 7042231727 prime?
False
Is 14563653341 a composite number?
False
Is 92436449 a prime number?
False
Is 8635830121 a composite number?
True
Is 1396619779 prime?
True
Is 2980662361 a prime number?
False
Is 14737976293 a prime number?
True
Is 470167454 composite?
True
Is 679934009 prime?
True
Is 70021123451 prime?
False
Is 290212655 composite?
True
Is 87500506321 prime?
True
Is 436036913 composite?
True
Is 8632845217 composite?
True
Is 1819551823 composite?
True
Is 555465277 composite?
False
Is 21195783389 a prime number?
False
Is 270281527 composite?
True
Is 25582318717 prime?
False
Is 20578093 a prime number?
True
Is 16359264631 composite?
False
Is 2859854867 prime?
False
Is 13657544221 a composite number?
True
Is 4142084941 a composite number?
False
Is 2103267874 a prime number?
False
Is 66813265949 prime?
True
Is 16794327607 prime?
True
Is 137179499 a composite number?
False
Is 644607727 prime?
True
Is 4738536307 a composite number?
False
Is 132242478395 prime?
False
Is 68355851 prime?
False
Is 29949773299 a composite number?
True
Is 294615523 a composite number?
False
Is 716520163 a composite number?
True
Is 294331837 a prime number?
False
Is 5527820371 a composite number?
False
Is 664345093 a composite number?
False
Is 2806395926 prime?
False
Is 1296769099 a prime number?
False
Is 1360303549 a prime number?
False
Is 144332803 composite?
True
Is 8556868591 prime?
True
Is 1321890865 prime?
False
Is 41032600087 composite?
False
Is 93760051973 a composite number?
True
Is 2427160511 a prime number?
False
Is 208411631 prime?
True
Is 65458765763 a prime number?
True
Is 15373894469 a prime number?
True
Is 29779637 composite?
False
Is 1676215414 a composite number?
True
Is 20436012043 prime?
True
Is 5498691689 a composite number?
True
Is 2578392535 a composite number?
True
Is 18284255281 prime?
True
Is 7087542459 composite?
True
Is 257086489 prime?
False
Is 13104464023 a composite number?
True
Is 1015021333 composite?
True
Is 216047604821 a prime number?
True
Is 18407930487 composite?
True
Is 626901722 a composite number?
True
Is 6337970299 composite?
True
Is 15959060207 a prime number?
True
Is 2660383829 a prime number?
False
Is 2107738247 a prime number?
False
Is 5399075057 a composite number?
True
Is 10540974751 a prime number?
False
Is 562308557 composite?
False
Is 14875816195 prime?
False
Is 159749557 prime?
False
Is 517254557 composite?
True
Is 4062834229 a prime number?
True
Is 4655768647 prime?
False
Is 363805391 a composite number?
False
Is 38107709 a prime number?
True
Is 7010625161 a composite number?
False
Is 933488627 prime?
False
Is 1223409305 composite?
True
Is 58461427 composite?
False
Is 2536134331 a composite number?
False
Is 6462431006 prime?
False
Is 13632899953 composite?
False
Is 5099241599 prime?
False
Is 277069141 a composite number?
False
Is 874066763 prime?
True
Is 9215601397 a prime number?
False
Is 529243349 a prime number?
False
Is 6297662009 a composite number?
False
Is 77312543087 a prime number?
False
Is 4157281309 composite?
False
Is 28693182719 prime?
False
Is 441757829 composite?
True
Is 24395679163 a composite number?
True
Is 23805574847 a composite number?
True
Is 126391445797 a prime number?
True
Is 9847547999 prime?
True
Is 1232019323 a composite number?
False
Is 338685764191 a prime number?
True
Is 12733384841 a prime number?
False
Is 1615891321 a prime number?
False
Is 3111215413 composite?
True
Is 95399933459 a prime number?
True
Is 595877119 prime?
False
Is 446381196253 composite?
False
Is 7021258171 a prime number?
True
Is 12480324953 prime?
False
Is 45811627 a composite number?
True
Is 7626815759 composite?
False
Is 3513859673 prime?
False
Is 17778555719 composite?
True
Is 56157358259 prime?
True
Is 16316957857 a prime number?
False
Is 1473252439 a composite number?
False
Is 20513820569 composite?
True
Is 1246216849 prime?
False
Is 50644985173 composite?
True
Is 12918375829 composite?
False
Is 1266327723 composite?
True
Is 11138197901 prime?
True
Is 18579091063 a prime number?
False
Is 9263114031 a composite number?
True
Is 846266269 composite?
True
Is 87982689 prime?
False
Is 15676567586 a prime number?
False
Is 220837876153 prime?
False
Is 213077729 a composite number?
True
Is 19111525109 composite?
True
Is 5263691707 a prime number?
False
Is 104868068987 composite?
True
Is 1661010839 composite?
False
Is 17733051337 a composite number?
True
Is 1547231333 a composite number?
True
Is 5969938133 a prime number?
True
Is 37966818889 a prime number?
True
Is 198870731 a composite number?
True
Is 1899722947 prime?
False
Is 13192040779 a prime number?
False
Is 71246850049 a composite number?
False
Is 724212637 a prime number?
True
Is 58909028677 a composite number?
True
Is 11805585317 a composite number?
False
Is 315887029 prime?
True
Is 31707287921 a composite number?
True
Is 83880930417 a composite number?
True
Is 11173510847 prime?
True
Is 10463757401 a prime number?
True
Is 193850554589 composite?
False
Is 522943753 a composite number?
False
Is 9323635487 a prime number?
True
Is 10610112273 a prime number?
False
Is 12046056271 prime?
False
Is 6248141087 a composite number?
True
Is 619558601 a prime number?
True
Is 828666667 composite?
False
Is 3949671457 a prime number?
False
Is 83902243553 a composite number?
False
Is 10712825159 a prime number?
False
Is 8143779037 a prime number?
False
Is 95828431 a composite number?
True
Is 7879809313 prime?
False
Is 1441088993 prime?
True
Is 69492701 prime?
True
Is 42788774663 composite?
True
Is 37958386417 a prime number?
False
Is 1072654769 a prime number?
True
Is 418121573 a composite number?
True
Is 280707626 composite?
True
Is 78841171949 a composite number?
True
Is 1175697967 composite?
False
Is 15412609087 a prime number?
False
Is 4238979599 a prime number?
True
Is 1849460423 a prime number?
True
Is 22304202377 a prime number?
False
Is 7149803809 prime?
False
Is 587876897 composite?
False
Is 260005783 composite?
False
Is 41113061889 prime?
False
Is 1469771441 prime?
False
Is 23320257437 composite?
False
Is 17797723687 prime?
True
Is 28350300857 composite?
True
Is 340851877 composite?
True
Is 641960869837 a prime number?
False
Is 89716351 a composite number?
False
Is 1421583337 prime?
False
Is 1246358153 composite?
False
Is 15530385811 a prime number?
False
Is 1492973071 a composite number?
True
Is 170791217 composite?
True
Is 86713550669 a composite number?
True
Is 1241440423 composite?
True
Is 29931916601 a composite number?
False
Is 3828352729 a prime number?
False
Is 158858243 a composite number?
False
Is 1340270623 prime?
True
Is 15164099959 composite?
False
Is 16189586551 prime?
True
Is 332724463 a composite number?
True
Is 2559846745 composite?
True
Is 26786717273 composite?
False
Is 133597276811 a prime number?
True
Is 22046958613 prime?
True
Is 2002369069 prime?
True
Is 54932473874 a prime number?
False
Is 4549730501 prime?
False
Is 82167653 a prime number?
False
Is 35404111 a composite number?
True
Is 73539935851 composite?
True
Is 2214874093 prime?
False
Is 7090647013 a prime number?
False
Is 613288201 prime?
False
Is 12046824169 a prime number?
True
Is 401728903 a com